ulate the highest common factor of c and 53.
53
Suppose -68*j + 37 = 23*j - 145. What is the highest common factor of 122 and j?
2
Suppose -4*x - 4*v = -422 - 622, 0 = v. Let a = 300 - x. Calculate the greatest common factor of a and 351.
39
Let x(l) = -10*l + 315. Let n be x(0). Let w = n + -306. What is the greatest common divisor of w and 39?
3
Let g be 1*((-18)/(-42))/((-2)/(-14)). Let k = -4 + g. Let y be 7332/48 + (3/(-4) - k). What is the greatest common factor of y and 17?
17
Let d = 326 - 214. Suppose 0*j - 4*j = -d. Let m(i) = i**2 + 15*i - 12. Let u be m(-18). What is the greatest common divisor of u and j?
14
Let n = 811 - 806. Suppose -4*r - 165 = -n*d - 59, 0 = -3*d + r + 58. Calculate the greatest common factor of 1116 and d.
18
Let h(f) = f**2 - 146*f + 11. Let y be h(146). What is the greatest common divisor of y and 451?
11
Suppose 35*j + 15752 = 57*j. What is the highest common divisor of j and 4?
4
Suppose -3*w = 3*t - 6108, 2*t - 2*w - 2336 = 1728. What is the greatest common divisor of 18 and t?
18
Let g(c) = 11*c + 18324. Let z be g(-61). Calculate the greatest common divisor of 254 and z.
127
Suppose -16*f = -10*f + 78. Let v(x) = x**2 + 7*x - 50. Let t be v(f). Calculate the highest common factor of 8 and t.
4
Suppose 0 = -27*o + 81*o - 20412. Calculate the highest common divisor of o and 108.
54
Let r be ((-7)/1)/(5067/423 - 12) + -6. Calculate the greatest common factor of r and 95.
19
Let h(l) = 12*l**2 - 42*l + 43. Suppose -3*r = -4*q - 15, 7*r - 3*r - 3*q = 13. Let c be h(r). What is the greatest common factor of 13 and c?
13
Let h be ((-42)/9)/(42/(-18) + 2). Suppose -10*q - 216 = -2*b - h*q, -b + 5*q + 94 = 0. Calculate the highest common divisor of 65 and b.
13
Suppose 0 = 44*i - 812 + 152. Calculate the greatest common factor of 645 and i.
15
Let f be ((-15)/(-12))/((-34)/(-3128)). Calculate the highest common divisor of 69 and f.
23
Suppose 63*w - 5746 + 454 = 0. Suppose 151*d + w = 158*d. Suppose 82 = 5*a - 4*l, 6*a + 4*l - 26 = 5*a. Calculate the greatest common divisor of a and d.
6
Suppose -12936 = -14486*b + 14472*b. Calculate the highest common factor of 140 and b.
28
Let k = 23 + -18. Suppose 2*i = 3*n - 670 - 420, -3*n + k*i + 1087 = 0. Calculate the greatest common factor of n and 14.
14
Let v = 152 - 149. Suppose c - 155 = -5*x, 0 = -4*x + c - v*c + 130. What is the highest common divisor of x and 285?
15
Suppose -1013 = -4*x - h, -3*h = -9*x + 5*x + 993. Suppose -11*c - x = -43. Let t be (c - -2)*(-35)/(-1 - -8). Calculate the greatest common factor of t and 17.
17
Let o(q) = -34*q**2 - 13*q - 1. Let y be o(-3). Let g = -250 - y. Let t be (-20)/(-5 + 3) + -1. Calculate the highest common divisor of g and t.
9
Let b(j) = -j + 79. Let z be b(3). Suppose -3*m = 3*c - 165, -c + 47 = -0*c + 5*m. What is the greatest common divisor of c and z?
19
Let q = 18 - 14. Suppose -286 = -q*i + 722. Let t = 13 + 15. What is the greatest common factor of i and t?
28
Let m = 5448 + -2346. What is the greatest common divisor of m and 33?
33
Let j be 73/((4 + -7)/(-44 - 7)). Let x be 2172/34 + 146/j. What is the greatest common factor of 32 and x?
32
Let f(w) = 10*w - 234. Let g be f(27). Suppose -4*c - 454 = -2*o, -o + g*c - 31*c = -242. What is the greatest common factor of 62 and o?
31
Suppose 0 = -4*l + 2*l + 276. Suppose 9*h - 8*h - 36*h + 3220 = 0. Calculate the highest common divisor of l and h.
46
Let n be (6 + -9 - -10) + 5. What is the highest common factor of n and 696?
12
Let w be (1/(-1)*-3)/(-1). Let y(j) = -11*j + 5. Let z be y(w). Let l = -5096 + 5098. Calculate the greatest common divisor of z and l.
2
Let p = 1211 - 719. Let i = 497 - p. Calculate the greatest common divisor of 5 and i.
5
Suppose 8 - 284 = -8*m - 4*j, 121 = 3*m + 5*j. Calculate the greatest common factor of m and 5552.
16
Suppose -6*w - 470 + 434 = 0. Let v be (8/w)/(-1) - 24984/(-216). What is the highest common factor of v and 13?
13
Suppose 530*n = 486*n + 17864. Calculate the greatest common divisor of 2 and n.
2
Let f be 150/25 + (-6 - -2). Suppose 9*o = 14*o - 20, f*a - 148 = -5*o. Calculate the highest common divisor of 24 and a.
8
Suppose 2*u - 20 = -b - 2*b, -2*b + 2*u = 0. Suppose 0 = b*j - l - 236, 5*l + 12 = 2*l. What is the greatest common divisor of 29 and j?
29
Suppose g - 4*g + 516 = -d, -5*g - 3*d + 846 = 0. Suppose 281 = 56*f - 1847. What is the highest common divisor of g and f?
19
Let z(w) = -15*w - 153. Let b be z(-11). Let i be ((-19)/2)/((-2154)/(-180) - b). What is the greatest common factor of i and 15?
15
Suppose -g + 12 = -4*g. Let a(q) = -7*q**2 + 5*q**2 + 5*q - 3*q - 2 + 7*q**2 - 3*q**2. Let w be a(g). What is the highest common factor of w and 110?
22
Let j be (6*(-4)/16 - -2)*114. Let s = j - 21. Calculate the highest common factor of 16 and s.
4
Suppose -2*s = -4*y - 18, -47 = -2*s - y - 19. Suppose -s*m + 8*m = 15. Let j be ((-5)/((-10)/4))/(m/(-78)). Calculate the greatest common divisor of 78 and j.
26
Let a(h) = h**3 + h**2 - 478*h - 26. Let t be a(22). Calculate the greatest common divisor of t and 1062.
118
Suppose 42*j + 90009 = 115*j. Calculate the highest common divisor of j and 1781.
137
Suppose -4*t = -4*g - 496, -3*t - 4*g = -2*t - 109. Let x = 3 + 1. Suppose -t = -x*o - 49. Calculate the highest common factor of o and 144.
18
Let x be 24*-2*(2 - 150/45). What is the greatest common divisor of 64 and x?
64
Let i(n) = -4*n**2 - 4*n - 6. Let x be i(-2). Let q be (0 - x)/(-14 - -15). Calculate the highest common divisor of 14 and q.
14
Let f = -1583 + 1586. Let w be (-2)/(3*(-6)/(-117)). Let v = w + 25. What is the greatest common factor of v and f?
3
Suppose -2572 = 52*x - 15310 - 3174. What is the highest common divisor of 16 and x?
2
Suppose g + 8445 = 4*t, -672*t - 2*g - 4218 = -674*t. What is the highest common divisor of 429 and t?
33
Suppose -3*d = -3*a - 57 - 54, -d + 41 = -5*a. Suppose d = -2*k + 3*k. Suppose 0 = -3*h + 2*h - 5, 5*h + 7 = -2*w. What is the highest common factor of k and w?
9
Suppose -4*c + 28939 = -0*c - g, c = 5*g + 7211. What is the highest common factor of 108 and c?
108
Suppose -4*d + 3*c - 4*c = -7, -c = 1. Let v be ((-21)/(-14) + 2)*d. Calculate the highest common divisor of 1 and v.
1
Let r = 8158 - 7238. Calculate the greatest common divisor of 644 and r.
92
Suppose -v + 896 = 9*c - 5402, 5*c = -5*v + 3490. What is the greatest common factor of 7100 and c?
100
Suppose 17*j - 24*j - 3*s = -112, 2*j = s + 45. Let c = 530 - 378. What is the highest common divisor of c and j?
19
Let x be 2/(-4)*13*14/(-7). Let j(v) be the second derivative of v**3/6 - 7*v**2/2 + 3*v - 5. Let c be j(x). What is the highest common factor of 30 and c?
6
Suppose 4*c + 3*d - 2*d = 204, 4*d = 4*c - 184. Let y = c + -46. Suppose 3*v - 928 = -v - x, -y*v - 2*x = -932. What is the highest common factor of v and 21?
21
Let m(q) = 3*q**2 - 73*q - 332. Let a be m(-5). What is the greatest common divisor of 64 and a?
4
Let x(p) = -p**2 + 7*p + 12. Let q be 0/(-13)*(-2 + 1)*-1. Let v be x(q). What is the greatest common factor of v and 36?
12
Let s(b) = 277*b**3 - 2*b. Let v be s(1). Suppose 19 = 8*k + 59. Let w be -100*(k/4 + 1). Calculate the greatest common divisor of v and w.
25
Suppose 5*c = -2*g + 75, -3*c + 45 = g - 2*g. Suppose 0 = 8*q + c + 17. Let j be (14/(-3))/(q/6). What is the greatest common factor of j and 35?
7
Let x be (-448)/22 - -20 - (-103)/11. What is the highest common factor of x and 75?
3
Suppose -5*a = -0*a + 240. Let r = 54 + a. Let b be (r - (7 + 0))/(1/(-47)). What is the highest common divisor of 188 and b?
47
Let q(c) = -7*c**2 - 4*c**3 + 0*c**3 + 5 + 5*c**2 + 4*c + 3*c**3. Let n be q(-4). What is the greatest common factor of n and 21?
21
Let v be 1 + 12 - (-6)/3. Suppose -13 = -7*q + v. Suppose -q*j + 7*j = -5*b + 115, -4*j - 3*b = -157. Calculate the highest common factor of 8 and j.
8
Let a be (-8)/(-64) - 7/((-392)/36169). What is the greatest common divisor of 1258 and a?
34
Let l = 3723 + -3563. Calculate the highest common factor of 896 and l.
32
Let g be (12 - (-6 - -9)) + 261. What is the greatest common factor of g and 48?
6
Let b = -44 - -43. Let k be -10*(b/2 - 0). Suppose -3*m = k*n - 486, -2*n - m = 2*m - 198. Calculate the highest common facto